{"id":765,"date":"2020-07-07T16:28:09","date_gmt":"2020-07-07T14:28:09","guid":{"rendered":"http:\/\/www.sdn26-07.org\/lesite\/?page_id=765"},"modified":"2023-09-11T18:24:31","modified_gmt":"2023-09-11T16:24:31","slug":"nos-mobilisations","status":"publish","type":"page","link":"http:\/\/www.sdn26-07.org\/lesite\/nos-actions\/nos-mobilisations\/","title":{"rendered":"Nos mobilisations"},"content":{"rendered":"\n<p class=\"has-text-align-center\"><em>Agenda et articles sur les mobilisations. On vous y attend \ud83d\ude42<\/em><\/p>\n\n\n\n<hr class=\"wp-block-separator has-css-opacity\"\/>\n\n\n\n<h2 class=\"wp-block-heading\">\u00c0 venir<\/h2>\n\n\n\n<div class=\"em em-view-container\" id=\"em-view-1410384187\" data-view=\"list\">\r\n\t<div class=\"em pixelbones em-list em-events-list\" id=\"em-events-list-1410384187\" data-view-id=\"1410384187\">\r\n\t<table class=\"events-table\" >\r\n    <thead>\r\n        <tr>\r\n\t\t\t<th class=\"event-time\" scope=\"col\">Date \/ Heure<\/th>\r\n\t\t\t<th class=\"event-description\" scope=\"col\">\u00c9v\u00e8nement<\/th>\r\n\t\t<\/tr>\r\n   \t<\/thead>\r\n    <tbody><tr>\r\n\t\t\t<td>\r\n                13\/04\/2026 - 19\/04\/2026<br\/>\r\n                \r\n            <\/td>\r\n            <td>\r\n                <a href=\"http:\/\/www.sdn26-07.org\/lesite\/events\/week-end-a-la-gare\/\">Faire d\u00e9railler l&#039;expulsion !<\/a>\r\n                <br\/><i>Bure <\/i>\r\n            <\/td>\r\n        <\/tr><\/tbody><\/table>\t<\/div>\r\n<\/div>\n\n\n\n<hr class=\"wp-block-separator has-css-opacity\"\/>\n\n\n\n<h2 class=\"wp-block-heading\">Les mobilisations r\u00e9centes<\/h2>\n\n\n<ul class=\"wp-block-latest-posts__list has-dates wp-block-latest-posts\"><li><a class=\"wp-block-latest-posts__post-title\" href=\"http:\/\/www.sdn26-07.org\/lesite\/2026\/03\/23\/la-justice-autorise-lexpulsion-de-la-gare-de-lumeville\/\">La justice autorise l&rsquo;expulsion de la gare de Lum\u00e9ville<\/a><time datetime=\"2026-03-23T19:59:23+01:00\" class=\"wp-block-latest-posts__post-date\">23 mars 2026<\/time><div class=\"wp-block-latest-posts__post-excerpt\">Dans le cadre du projet d&rsquo;enfouissement de d\u00e9chets Cig\u00e9o (tous nos articles sur Cig\u00e9o ici), la justice a autoris\u00e9 aujourd&rsquo;hui l&rsquo;expulsion des occupant\u00b7es de la gare de Lum\u00e9ville-en-Ornois. Les personnes &hellip;<p class=\"read-more\"> <a class=\"more-link\" href=\"http:\/\/www.sdn26-07.org\/lesite\/2026\/03\/23\/la-justice-autorise-lexpulsion-de-la-gare-de-lumeville\/\"> <span class=\"screen-reader-text\">La justice autorise l&rsquo;expulsion de la gare de Lum\u00e9ville<\/span> Read More &raquo;<\/a><\/p><\/div><\/li>\n<li><a class=\"wp-block-latest-posts__post-title\" href=\"http:\/\/www.sdn26-07.org\/lesite\/2026\/02\/04\/antirepression-a-bure\/\">Antir\u00e9pression \u00e0 Bure !<\/a><time datetime=\"2026-02-04T12:22:14+01:00\" class=\"wp-block-latest-posts__post-date\">4 f\u00e9vrier 2026<\/time><div class=\"wp-block-latest-posts__post-excerpt\">Pour s&rsquo;organiser face \u00e0 la r\u00e9pression en cours et \u00e0 venir \u00e0 Bure &#8211; dans le contexte de d\u00e9but des travaux pour le projet d&rsquo;enfouissement des d\u00e9chets nucl\u00e9aires &#8211; un &hellip;<p class=\"read-more\"> <a class=\"more-link\" href=\"http:\/\/www.sdn26-07.org\/lesite\/2026\/02\/04\/antirepression-a-bure\/\"> <span class=\"screen-reader-text\">Antir\u00e9pression \u00e0 Bure !<\/span> Read More &raquo;<\/a><\/p><\/div><\/li>\n<li><a class=\"wp-block-latest-posts__post-title\" href=\"http:\/\/www.sdn26-07.org\/lesite\/2026\/01\/08\/tout-savoir-sur-la-gare-de-lumeville-lieu-de-resistance-au-projet-cigeo\/\">Tout savoir sur la gare de Lum\u00e9ville, lieu de r\u00e9sistance au projet Cig\u00e9o<\/a><time datetime=\"2026-01-08T11:40:49+01:00\" class=\"wp-block-latest-posts__post-date\">8 janvier 2026<\/time><div class=\"wp-block-latest-posts__post-excerpt\">L&rsquo;ancienne gare de Lum\u00e9ville-en-Ornois, dans la Meuse, est depuis plusieurs ann\u00e9es un lieu de r\u00e9sistance au projet d&rsquo;enfouissement des d\u00e9chets nucl\u00e9aires. La situation a pris fin 2025 un tournant puisqu&rsquo;une &hellip;<p class=\"read-more\"> <a class=\"more-link\" href=\"http:\/\/www.sdn26-07.org\/lesite\/2026\/01\/08\/tout-savoir-sur-la-gare-de-lumeville-lieu-de-resistance-au-projet-cigeo\/\"> <span class=\"screen-reader-text\">Tout savoir sur la gare de Lum\u00e9ville, lieu de r\u00e9sistance au projet Cig\u00e9o<\/span> Read More &raquo;<\/a><\/p><\/div><\/li>\n<li><a class=\"wp-block-latest-posts__post-title\" href=\"http:\/\/www.sdn26-07.org\/lesite\/2025\/08\/11\/tousxtes-a-bure-le-20-septembre\/\">Tousxtes \u00e0 Bure le 20 septembre !<\/a><time datetime=\"2025-08-11T13:26:35+02:00\" class=\"wp-block-latest-posts__post-date\">11 ao\u00fbt 2025<\/time><div class=\"wp-block-latest-posts__post-excerpt\">Pour participer \u00e0 la manifestation \u00e0 Bure le 20 septembre prochain, un voyage en car au d\u00e9part de Lyon est en train de s&rsquo;organiser. Merci d\u2019indiquer si vous souhaitez r\u00e9server &hellip;<p class=\"read-more\"> <a class=\"more-link\" href=\"http:\/\/www.sdn26-07.org\/lesite\/2025\/08\/11\/tousxtes-a-bure-le-20-septembre\/\"> <span class=\"screen-reader-text\">Tousxtes \u00e0 Bure le 20 septembre !<\/span> Read More &raquo;<\/a><\/p><\/div><\/li>\n<li><a class=\"wp-block-latest-posts__post-title\" href=\"http:\/\/www.sdn26-07.org\/lesite\/2024\/09\/30\/week-end-antinucleaire-a-rouen-et-penly\/\">Week-end antinucl\u00e9aire \u00e0 Rouen et Penly<\/a><time datetime=\"2024-09-30T16:38:11+02:00\" class=\"wp-block-latest-posts__post-date\">30 septembre 2024<\/time><div class=\"wp-block-latest-posts__post-excerpt\">Ce week-end contre le nucl\u00e9aire se tiendra du vendredi 11 au dimanche 13 octobre, en Normandie. Et toutes les infos sur le site web de la coordination antinucl\u00e9aire, par ici &hellip;<p class=\"read-more\"> <a class=\"more-link\" href=\"http:\/\/www.sdn26-07.org\/lesite\/2024\/09\/30\/week-end-antinucleaire-a-rouen-et-penly\/\"> <span class=\"screen-reader-text\">Week-end antinucl\u00e9aire \u00e0 Rouen et Penly<\/span> Read More &raquo;<\/a><\/p><\/div><\/li>\n<li><div class=\"wp-block-latest-posts__featured-image alignright\"><img loading=\"lazy\" decoding=\"async\" width=\"150\" height=\"150\" src=\"http:\/\/www.sdn26-07.org\/lesite\/wp-content\/uploads\/2023\/10\/2023-10-15_image01-150x150.png\" class=\"attachment-thumbnail size-thumbnail wp-post-image\" alt=\"\" style=\"\" \/><\/div><a class=\"wp-block-latest-posts__post-title\" href=\"http:\/\/www.sdn26-07.org\/lesite\/2023\/10\/15\/appel-de-la-coordination-anti-nucleaire-a-des-actions-decentralisees\/\">Appel de la coordination anti-nucl\u00e9aire \u00e0 des actions d\u00e9centralis\u00e9es<\/a><time datetime=\"2023-10-15T22:49:08+02:00\" class=\"wp-block-latest-posts__post-date\">15 octobre 2023<\/time><div class=\"wp-block-latest-posts__post-excerpt\">On relaie ci-dessous l&rsquo;appel de la toute nouvelle coordination antinucl\u00e9aire \u00e0 des actions d\u00e9centralis\u00e9es, \u00e0 la m\u00eame date : le dimanche 22 octobre ! Dans la r\u00e9gion, trois rassemblements sont &hellip;<p class=\"read-more\"> <a class=\"more-link\" href=\"http:\/\/www.sdn26-07.org\/lesite\/2023\/10\/15\/appel-de-la-coordination-anti-nucleaire-a-des-actions-decentralisees\/\"> <span class=\"screen-reader-text\">Appel de la coordination anti-nucl\u00e9aire \u00e0 des actions d\u00e9centralis\u00e9es<\/span> Read More &raquo;<\/a><\/p><\/div><\/li>\n<li><a class=\"wp-block-latest-posts__post-title\" href=\"http:\/\/www.sdn26-07.org\/lesite\/2023\/09\/05\/en-soutien-aux-camarades-de-gondrecourt-bure\/\">En soutien aux camarades de Gondrecourt\/Bure<\/a><time datetime=\"2023-09-05T11:38:55+02:00\" class=\"wp-block-latest-posts__post-date\">5 septembre 2023<\/time><div class=\"wp-block-latest-posts__post-excerpt\">Appel \u00e0 soutien urgent qui vient de Gondrecourt, dans la Meuse, territoire impact\u00e9 par le projet CIGEO . O\u00f9 l&rsquo;on voit \u00e0 quel point l&rsquo;ANDRA peut, elle, compter sur le &hellip;<p class=\"read-more\"> <a class=\"more-link\" href=\"http:\/\/www.sdn26-07.org\/lesite\/2023\/09\/05\/en-soutien-aux-camarades-de-gondrecourt-bure\/\"> <span class=\"screen-reader-text\">En soutien aux camarades de Gondrecourt\/Bure<\/span> Read More &raquo;<\/a><\/p><\/div><\/li>\n<\/ul>","protected":false},"excerpt":{"rendered":"<p>Agenda et articles sur les mobilisations. On vous y attend \ud83d\ude42 \u00c0 venir Les mobilisations r\u00e9centes<\/p>\n","protected":false},"author":1,"featured_media":0,"parent":656,"menu_order":0,"comment_status":"closed","ping_status":"closed","template":"","meta":{"footnotes":""},"class_list":["post-765","page","type-page","status-publish","hentry"],"_links":{"self":[{"href":"http:\/\/www.sdn26-07.org\/lesite\/wp-json\/wp\/v2\/pages\/765","targetHints":{"allow":["GET"]}}],"collection":[{"href":"http:\/\/www.sdn26-07.org\/lesite\/wp-json\/wp\/v2\/pages"}],"about":[{"href":"http:\/\/www.sdn26-07.org\/lesite\/wp-json\/wp\/v2\/types\/page"}],"author":[{"embeddable":true,"href":"http:\/\/www.sdn26-07.org\/lesite\/wp-json\/wp\/v2\/users\/1"}],"replies":[{"embeddable":true,"href":"http:\/\/www.sdn26-07.org\/lesite\/wp-json\/wp\/v2\/comments?post=765"}],"version-history":[{"count":7,"href":"http:\/\/www.sdn26-07.org\/lesite\/wp-json\/wp\/v2\/pages\/765\/revisions"}],"predecessor-version":[{"id":1842,"href":"http:\/\/www.sdn26-07.org\/lesite\/wp-json\/wp\/v2\/pages\/765\/revisions\/1842"}],"up":[{"embeddable":true,"href":"http:\/\/www.sdn26-07.org\/lesite\/wp-json\/wp\/v2\/pages\/656"}],"wp:attachment":[{"href":"http:\/\/www.sdn26-07.org\/lesite\/wp-json\/wp\/v2\/media?parent=765"}],"curies":[{"name":"wp","href":"https:\/\/api.w.org\/{rel}","templated":true}]}}