{"id":656,"date":"2020-07-06T11:19:03","date_gmt":"2020-07-06T09:19:03","guid":{"rendered":"http:\/\/www.sdn26-07.org\/lesite\/?page_id=656"},"modified":"2020-11-09T16:55:07","modified_gmt":"2020-11-09T15:55:07","slug":"nos-actions","status":"publish","type":"page","link":"http:\/\/www.sdn26-07.org\/lesite\/nos-actions\/","title":{"rendered":"Nos actions"},"content":{"rendered":"\n<figure class=\"wp-block-image\"><img loading=\"lazy\" decoding=\"async\" width=\"1024\" height=\"468\" src=\"http:\/\/www.sdn26-07.org\/lesite\/wp-content\/uploads\/2020\/07\/2017-03_image2-1024x468.png\" alt=\"\" class=\"wp-image-716\" srcset=\"http:\/\/www.sdn26-07.org\/lesite\/wp-content\/uploads\/2020\/07\/2017-03_image2-1024x468.png 1024w, http:\/\/www.sdn26-07.org\/lesite\/wp-content\/uploads\/2020\/07\/2017-03_image2-300x137.png 300w, http:\/\/www.sdn26-07.org\/lesite\/wp-content\/uploads\/2020\/07\/2017-03_image2-768x351.png 768w, http:\/\/www.sdn26-07.org\/lesite\/wp-content\/uploads\/2020\/07\/2017-03_image2-100x46.png 100w, http:\/\/www.sdn26-07.org\/lesite\/wp-content\/uploads\/2020\/07\/2017-03_image2-150x69.png 150w, http:\/\/www.sdn26-07.org\/lesite\/wp-content\/uploads\/2020\/07\/2017-03_image2-200x91.png 200w, http:\/\/www.sdn26-07.org\/lesite\/wp-content\/uploads\/2020\/07\/2017-03_image2-450x206.png 450w, http:\/\/www.sdn26-07.org\/lesite\/wp-content\/uploads\/2020\/07\/2017-03_image2-600x274.png 600w, http:\/\/www.sdn26-07.org\/lesite\/wp-content\/uploads\/2020\/07\/2017-03_image2-900x411.png 900w, http:\/\/www.sdn26-07.org\/lesite\/wp-content\/uploads\/2020\/07\/2017-03_image2.png 1449w\" sizes=\"auto, (max-width: 1024px) 100vw, 1024px\" \/><\/figure>\n\n\n\n<hr class=\"wp-block-separator\"\/>\n\n\n\n<div class=\"wp-block-media-text alignwide is-stacked-on-mobile is-vertically-aligned-center\" style=\"grid-template-columns:26% auto\"><figure class=\"wp-block-media-text__media\"><img loading=\"lazy\" decoding=\"async\" width=\"960\" height=\"720\" src=\"http:\/\/www.sdn26-07.org\/lesite\/wp-content\/uploads\/2020\/07\/35531955_1737812942998676_7891795539300188160_n.jpg\" alt=\"\" class=\"wp-image-744\" srcset=\"http:\/\/www.sdn26-07.org\/lesite\/wp-content\/uploads\/2020\/07\/35531955_1737812942998676_7891795539300188160_n.jpg 960w, http:\/\/www.sdn26-07.org\/lesite\/wp-content\/uploads\/2020\/07\/35531955_1737812942998676_7891795539300188160_n-300x225.jpg 300w, http:\/\/www.sdn26-07.org\/lesite\/wp-content\/uploads\/2020\/07\/35531955_1737812942998676_7891795539300188160_n-768x576.jpg 768w, http:\/\/www.sdn26-07.org\/lesite\/wp-content\/uploads\/2020\/07\/35531955_1737812942998676_7891795539300188160_n-100x75.jpg 100w, http:\/\/www.sdn26-07.org\/lesite\/wp-content\/uploads\/2020\/07\/35531955_1737812942998676_7891795539300188160_n-150x113.jpg 150w, http:\/\/www.sdn26-07.org\/lesite\/wp-content\/uploads\/2020\/07\/35531955_1737812942998676_7891795539300188160_n-200x150.jpg 200w, http:\/\/www.sdn26-07.org\/lesite\/wp-content\/uploads\/2020\/07\/35531955_1737812942998676_7891795539300188160_n-450x338.jpg 450w, http:\/\/www.sdn26-07.org\/lesite\/wp-content\/uploads\/2020\/07\/35531955_1737812942998676_7891795539300188160_n-600x450.jpg 600w, http:\/\/www.sdn26-07.org\/lesite\/wp-content\/uploads\/2020\/07\/35531955_1737812942998676_7891795539300188160_n-900x675.jpg 900w\" sizes=\"auto, (max-width: 960px) 100vw, 960px\" \/><\/figure><div class=\"wp-block-media-text__content\">\n<h3 class=\"wp-block-heading\"><a href=\"http:\/\/www.sdn26-07.org\/lesite\/nos-actions\/nos-mobilisations\/\">Nos mobilisations<\/a><\/h3>\n\n\n\n<p>Pr\u00e9senter les mobilisations Pr\u00e9senter les mobilisations Pr\u00e9senter les mobilisations Pr\u00e9senter les mobilisations<\/p>\n<\/div><\/div>\n\n\n\n<hr class=\"wp-block-separator\"\/>\n\n\n\n<div class=\"wp-block-media-text alignwide is-stacked-on-mobile is-vertically-aligned-center\" style=\"grid-template-columns:26% auto\"><figure class=\"wp-block-media-text__media\"><img loading=\"lazy\" decoding=\"async\" width=\"206\" height=\"204\" src=\"http:\/\/www.sdn26-07.org\/lesite\/wp-content\/uploads\/2020\/07\/logo-radiomega.png\" alt=\"\" class=\"wp-image-590\" srcset=\"http:\/\/www.sdn26-07.org\/lesite\/wp-content\/uploads\/2020\/07\/logo-radiomega.png 206w, http:\/\/www.sdn26-07.org\/lesite\/wp-content\/uploads\/2020\/07\/logo-radiomega-150x149.png 150w, http:\/\/www.sdn26-07.org\/lesite\/wp-content\/uploads\/2020\/07\/logo-radiomega-100x99.png 100w, http:\/\/www.sdn26-07.org\/lesite\/wp-content\/uploads\/2020\/07\/logo-radiomega-200x198.png 200w\" sizes=\"auto, (max-width: 206px) 100vw, 206px\" \/><\/figure><div class=\"wp-block-media-text__content\">\n<h3 class=\"wp-block-heading\"><a href=\"http:\/\/www.sdn26-07.org\/lesite\/radio\">Notre \u00e9mission radio<\/a><\/h3>\n\n\n\n<p>Atomic Mac, l&rsquo;\u00e9mission radio de l&rsquo;association.<\/p>\n<\/div><\/div>\n\n\n\n<hr class=\"wp-block-separator\"\/>\n\n\n\n<div class=\"wp-block-media-text alignwide is-stacked-on-mobile is-vertically-aligned-center\" style=\"grid-template-columns:26% auto\"><figure class=\"wp-block-media-text__media\"><img loading=\"lazy\" decoding=\"async\" width=\"1024\" height=\"741\" src=\"http:\/\/www.sdn26-07.org\/lesite\/wp-content\/uploads\/2020\/07\/62613171_2337835586329739_6784965862777421824_o_2-1024x741.jpg\" alt=\"\" class=\"wp-image-731\" srcset=\"http:\/\/www.sdn26-07.org\/lesite\/wp-content\/uploads\/2020\/07\/62613171_2337835586329739_6784965862777421824_o_2-1024x741.jpg 1024w, http:\/\/www.sdn26-07.org\/lesite\/wp-content\/uploads\/2020\/07\/62613171_2337835586329739_6784965862777421824_o_2-300x217.jpg 300w, http:\/\/www.sdn26-07.org\/lesite\/wp-content\/uploads\/2020\/07\/62613171_2337835586329739_6784965862777421824_o_2-768x556.jpg 768w, http:\/\/www.sdn26-07.org\/lesite\/wp-content\/uploads\/2020\/07\/62613171_2337835586329739_6784965862777421824_o_2-1536x1112.jpg 1536w, http:\/\/www.sdn26-07.org\/lesite\/wp-content\/uploads\/2020\/07\/62613171_2337835586329739_6784965862777421824_o_2-100x72.jpg 100w, http:\/\/www.sdn26-07.org\/lesite\/wp-content\/uploads\/2020\/07\/62613171_2337835586329739_6784965862777421824_o_2-150x109.jpg 150w, http:\/\/www.sdn26-07.org\/lesite\/wp-content\/uploads\/2020\/07\/62613171_2337835586329739_6784965862777421824_o_2-200x145.jpg 200w, http:\/\/www.sdn26-07.org\/lesite\/wp-content\/uploads\/2020\/07\/62613171_2337835586329739_6784965862777421824_o_2-450x326.jpg 450w, http:\/\/www.sdn26-07.org\/lesite\/wp-content\/uploads\/2020\/07\/62613171_2337835586329739_6784965862777421824_o_2-600x434.jpg 600w, http:\/\/www.sdn26-07.org\/lesite\/wp-content\/uploads\/2020\/07\/62613171_2337835586329739_6784965862777421824_o_2-900x652.jpg 900w, http:\/\/www.sdn26-07.org\/lesite\/wp-content\/uploads\/2020\/07\/62613171_2337835586329739_6784965862777421824_o_2.jpg 1870w\" sizes=\"auto, (max-width: 1024px) 100vw, 1024px\" \/><\/figure><div class=\"wp-block-media-text__content\">\n<h3 class=\"wp-block-heading\"><a href=\"http:\/\/www.sdn26-07.org\/lesite\/conferences-debats\/\">Nos soir\u00e9es-d\u00e9bats<\/a><\/h3>\n\n\n\n<p>D\u00e9bats, projections, conf\u00e9rences : les soir\u00e9es-d\u00e9bats constituent un temps et un espace d&rsquo;\u00e9changes et de r\u00e9flexion sur le nucl\u00e9aire.<\/p>\n<\/div><\/div>\n\n\n\n<hr class=\"wp-block-separator\"\/>\n\n\n\n<div class=\"wp-block-media-text alignwide is-stacked-on-mobile is-vertically-aligned-center\" style=\"grid-template-columns:26% auto\"><figure class=\"wp-block-media-text__media\"><img loading=\"lazy\" decoding=\"async\" width=\"1024\" height=\"512\" src=\"http:\/\/www.sdn26-07.org\/lesite\/wp-content\/uploads\/2020\/07\/vrai-faux-1024x512.png\" alt=\"\" class=\"wp-image-732\" srcset=\"http:\/\/www.sdn26-07.org\/lesite\/wp-content\/uploads\/2020\/07\/vrai-faux-1024x512.png 1024w, http:\/\/www.sdn26-07.org\/lesite\/wp-content\/uploads\/2020\/07\/vrai-faux-300x150.png 300w, http:\/\/www.sdn26-07.org\/lesite\/wp-content\/uploads\/2020\/07\/vrai-faux-768x384.png 768w, http:\/\/www.sdn26-07.org\/lesite\/wp-content\/uploads\/2020\/07\/vrai-faux-100x50.png 100w, http:\/\/www.sdn26-07.org\/lesite\/wp-content\/uploads\/2020\/07\/vrai-faux-150x75.png 150w, http:\/\/www.sdn26-07.org\/lesite\/wp-content\/uploads\/2020\/07\/vrai-faux-200x100.png 200w, http:\/\/www.sdn26-07.org\/lesite\/wp-content\/uploads\/2020\/07\/vrai-faux-450x225.png 450w, http:\/\/www.sdn26-07.org\/lesite\/wp-content\/uploads\/2020\/07\/vrai-faux-600x300.png 600w, http:\/\/www.sdn26-07.org\/lesite\/wp-content\/uploads\/2020\/07\/vrai-faux-900x450.png 900w, http:\/\/www.sdn26-07.org\/lesite\/wp-content\/uploads\/2020\/07\/vrai-faux.png 1280w\" sizes=\"auto, (max-width: 1024px) 100vw, 1024px\" \/><\/figure><div class=\"wp-block-media-text__content\">\n<h3 class=\"wp-block-heading\"><a href=\"http:\/\/www.sdn26-07.org\/lesite\/category\/intox-desintox\/\">Intox D\u00e9sintox<\/a><\/h3>\n\n\n\n<p>Pr\u00e9senter la rubrique en deux lignes<\/p>\n<\/div><\/div>\n\n\n\n<hr class=\"wp-block-separator\"\/>\n\n\n\n<div class=\"wp-block-media-text alignwide is-stacked-on-mobile is-vertically-aligned-center\" style=\"grid-template-columns:25% auto\"><figure class=\"wp-block-media-text__media\"><img loading=\"lazy\" decoding=\"async\" width=\"800\" height=\"393\" src=\"http:\/\/www.sdn26-07.org\/lesite\/wp-content\/uploads\/2020\/07\/logo-adn-anime.gif\" alt=\"Collectif ADN\" class=\"wp-image-551\"\/><\/figure><div class=\"wp-block-media-text__content\">\n<h3 class=\"wp-block-heading\"><a href=\"http:\/\/www.sdn26-07.org\/lesite\/journal-atomes-crochus\/\">Journal Atomes crochus<\/a><\/h3>\n\n\n\n<p>Pr\u00e9senter la rubrique en deux lignes<\/p>\n<\/div><\/div>\n\n\n\n<hr class=\"wp-block-separator\"\/>\n\n\n\n<p><\/p>\n","protected":false},"excerpt":{"rendered":"<p>Nos mobilisations Pr\u00e9senter les mobilisations Pr\u00e9senter les mobilisations Pr\u00e9senter les mobilisations Pr\u00e9senter les mobilisations Notre \u00e9mission radio Atomic Mac, l&rsquo;\u00e9mission radio de l&rsquo;association. Nos soir\u00e9es-d\u00e9bats D\u00e9bats, projections, conf\u00e9rences : les soir\u00e9es-d\u00e9bats constituent un temps et un espace d&rsquo;\u00e9changes et de &hellip;<\/p>\n<p class=\"read-more\"> <a class=\"more-link\" href=\"http:\/\/www.sdn26-07.org\/lesite\/nos-actions\/\"> <span class=\"screen-reader-text\">Nos actions<\/span> Read More &raquo;<\/a><\/p>\n","protected":false},"author":1,"featured_media":0,"parent":0,"menu_order":0,"comment_status":"closed","ping_status":"closed","template":"","meta":{"footnotes":""},"class_list":["post-656","page","type-page","status-publish","hentry"],"_links":{"self":[{"href":"http:\/\/www.sdn26-07.org\/lesite\/wp-json\/wp\/v2\/pages\/656","targetHints":{"allow":["GET"]}}],"collection":[{"href":"http:\/\/www.sdn26-07.org\/lesite\/wp-json\/wp\/v2\/pages"}],"about":[{"href":"http:\/\/www.sdn26-07.org\/lesite\/wp-json\/wp\/v2\/types\/page"}],"author":[{"embeddable":true,"href":"http:\/\/www.sdn26-07.org\/lesite\/wp-json\/wp\/v2\/users\/1"}],"replies":[{"embeddable":true,"href":"http:\/\/www.sdn26-07.org\/lesite\/wp-json\/wp\/v2\/comments?post=656"}],"version-history":[{"count":34,"href":"http:\/\/www.sdn26-07.org\/lesite\/wp-json\/wp\/v2\/pages\/656\/revisions"}],"predecessor-version":[{"id":1099,"href":"http:\/\/www.sdn26-07.org\/lesite\/wp-json\/wp\/v2\/pages\/656\/revisions\/1099"}],"wp:attachment":[{"href":"http:\/\/www.sdn26-07.org\/lesite\/wp-json\/wp\/v2\/media?parent=656"}],"curies":[{"name":"wp","href":"https:\/\/api.w.org\/{rel}","templated":true}]}}