{"id":1373,"date":"2021-03-01T22:59:51","date_gmt":"2021-03-01T21:59:51","guid":{"rendered":"http:\/\/www.sdn26-07.org\/lesite\/?page_id=1373"},"modified":"2021-04-15T17:55:01","modified_gmt":"2021-04-15T15:55:01","slug":"atomic-mac-mars-2021-10e-anniversaire-de-la-catastrophe-de-fukushima","status":"publish","type":"page","link":"http:\/\/www.sdn26-07.org\/lesite\/radio\/atomic-mac-mars-2021-10e-anniversaire-de-la-catastrophe-de-fukushima\/","title":{"rendered":"Atomic Mac, mars 2021 : 10e anniversaire de la catastrophe de Fukushima"},"content":{"rendered":"\n<p class=\"has-text-align-center\"><em>Le 11 mars 2021 aura lieu le 10e anniversaire de la catastrophe nucl\u00e9aire de Fukushima. Cette \u00e9mission sera sp\u00e9cialement consacr\u00e9e \u00e0 la situation sur place. Pour en parler, nous recevons Bruno Chareyron, de la Criirad.<\/em><\/p>\n\n\n\n<hr class=\"wp-block-separator\"\/>\n\n\n\n<figure class=\"wp-block-audio\"><audio controls src=\"http:\/\/www.sdn26-07.org\/lesite\/wp-content\/uploads\/2021\/03\/ATOMIC-MAC-2021_03_01-ATOMIC-MAC-Mars-2021-r02.mp3\"><\/audio><\/figure>\n\n\n\n<h2 class=\"wp-block-heading\">L&rsquo;\u00e9mission<\/h2>\n\n\n\n<ul class=\"wp-block-list\"><li>01 min : le billet de Georges \u00e0 Fukushima<\/li><li>04 min : \u00ab\u00a0Un bateau mais demain\u00a0\u00bb, Anne Sylvestre<\/li><li>07 min : l&rsquo;interview de Bruno Chareyron, Criirad, partie 1\/2<\/li><li>21 min : \u00ab\u00a0J\u2019veux du soleil\u00a0\u00bb, Au petit bonheur<\/li><li>24 min : l&rsquo;interview de Bruno Chareyron, Criirad, partie 2\/2<\/li><li>36 min : l&rsquo;agenda, par C\u00e9line<\/li><li>40 min : \u00ab\u00a0Unnatural selection\u00a0\u00bb, Muse<\/li><\/ul>\n\n\n\n<p><\/p>\n","protected":false},"excerpt":{"rendered":"<p>Le 11 mars 2021 aura lieu le 10e anniversaire de la catastrophe nucl\u00e9aire de Fukushima. Cette \u00e9mission sera sp\u00e9cialement consacr\u00e9e \u00e0 la situation sur place. Pour en parler, nous recevons Bruno Chareyron, de la Criirad. L&rsquo;\u00e9mission 01 min : le &hellip;<\/p>\n<p class=\"read-more\"> <a class=\"more-link\" href=\"http:\/\/www.sdn26-07.org\/lesite\/radio\/atomic-mac-mars-2021-10e-anniversaire-de-la-catastrophe-de-fukushima\/\"> <span class=\"screen-reader-text\">Atomic Mac, mars 2021 : 10e anniversaire de la catastrophe de Fukushima<\/span> Read More &raquo;<\/a><\/p>\n","protected":false},"author":1,"featured_media":0,"parent":128,"menu_order":0,"comment_status":"closed","ping_status":"closed","template":"","meta":{"footnotes":""},"class_list":["post-1373","page","type-page","status-publish","hentry"],"_links":{"self":[{"href":"http:\/\/www.sdn26-07.org\/lesite\/wp-json\/wp\/v2\/pages\/1373","targetHints":{"allow":["GET"]}}],"collection":[{"href":"http:\/\/www.sdn26-07.org\/lesite\/wp-json\/wp\/v2\/pages"}],"about":[{"href":"http:\/\/www.sdn26-07.org\/lesite\/wp-json\/wp\/v2\/types\/page"}],"author":[{"embeddable":true,"href":"http:\/\/www.sdn26-07.org\/lesite\/wp-json\/wp\/v2\/users\/1"}],"replies":[{"embeddable":true,"href":"http:\/\/www.sdn26-07.org\/lesite\/wp-json\/wp\/v2\/comments?post=1373"}],"version-history":[{"count":2,"href":"http:\/\/www.sdn26-07.org\/lesite\/wp-json\/wp\/v2\/pages\/1373\/revisions"}],"predecessor-version":[{"id":1379,"href":"http:\/\/www.sdn26-07.org\/lesite\/wp-json\/wp\/v2\/pages\/1373\/revisions\/1379"}],"up":[{"embeddable":true,"href":"http:\/\/www.sdn26-07.org\/lesite\/wp-json\/wp\/v2\/pages\/128"}],"wp:attachment":[{"href":"http:\/\/www.sdn26-07.org\/lesite\/wp-json\/wp\/v2\/media?parent=1373"}],"curies":[{"name":"wp","href":"https:\/\/api.w.org\/{rel}","templated":true}]}}